{"id":50,"date":"2017-07-03T20:13:02","date_gmt":"2017-07-03T18:13:02","guid":{"rendered":"http:\/\/sninephro.fr\/?page_id=50"},"modified":"2017-07-03T20:53:58","modified_gmt":"2017-07-03T18:53:58","slug":"internat","status":"publish","type":"page","link":"https:\/\/sninephro.fr\/index.php\/internat\/","title":{"rendered":"Internat"},"content":{"rendered":"<div id=\"ccchildpages-1\" class=\"ccchildpages threecol simple ccclearfix\"><div class=\"ccchildpage  ccfirst ccodd ccpage-count-1 ccpage-id-34 ccpage-la-nephro ccpage-has-parent ccpage-pid-50 ccpage-parent-internat\"><h3>La N\u00e9phro ?<\/h3><div class=\"ccpages_excerpt\">&nbsp; &nbsp; La n\u00e9phrologie est une sp\u00e9cialit\u00e9 m\u00e9dicale qui n\u00e9cessite une expertise dans plusieurs domaines : la physiologie r\u00e9nale, les d\u00e9sordres hydro-\u00e9lectrolytiques, le diagnostic et le traitement des maladies r\u00e9nales vasculaires, tubulo-interstitielles et glom\u00e9rulaires et leurs traitements sp\u00e9cifiques (immunosuppresseurs, bioth\u00e9rapies). &nbsp; cristaux d'oxalate de calcium Mais \u00e9galement la prise en charge des insuffisances r\u00e9nales aigu\u00ebs...<\/div><p class=\"ccpages_more\"><a href=\"https:\/\/sninephro.fr\/index.php\/internat\/la-nephro\/\"  title=\"Plus ...\">Plus ...<\/a><\/p><\/div><div class=\"ccchildpage  cceven ccpage-count-2 ccpage-id-36 ccpage-la-reforme-du-3eme-cycle ccpage-has-parent ccpage-pid-50 ccpage-parent-internat\"><h3>La r\u00e9forme du 3\u00e8me cycle<\/h3><div class=\"ccpages_excerpt\">La r\u00e9forme du troisi\u00e8me cycle des \u00e9tudes m\u00e9dicales (R3C), commun\u00e9ment appel\u00e9 internat, a \u00e9t\u00e9 d\u00e9but\u00e9e en 2010 suite \u00e0 un rapport de l\u2019IGAS (Inspection G\u00e9n\u00e9rale des Affaires Sociales) sur le post-internat, constatant qu\u2019une r\u00e9forme du post-internat \u00e9tait n\u00e9cessaire suite \u00e0 l\u2019augmentation des effectifs d\u2019\u00e9tudiants et d\u2019internes. Dans cette perspective, la mission consid\u00e9rait que l\u2019acquisition d\u2019une...<\/div><p class=\"ccpages_more\"><a href=\"https:\/\/sninephro.fr\/index.php\/internat\/la-reforme-du-3eme-cycle\/\"  title=\"Plus ...\">Plus ...<\/a><\/p><\/div><div class=\"ccchildpage  cclast ccodd ccpage-count-3 ccpage-id-38 ccpage-du ccpage-has-parent ccpage-pid-50 ccpage-parent-internat\"><h3>DU<\/h3><div class=\"ccpages_excerpt\">En France, un dipl\u00f4me universitaire (DU) ou interuniversitaire (DIU) est un dipl\u00f4me d\u00e9livr\u00e9 par une universit\u00e9, un grand \u00e9tablissement ou autre \u00e9tablissement public \u00e0 caract\u00e8re scientifique, culturel et professionnel, ou plusieurs \u00e9tablissements conjointement, contrairement aux dipl\u00f4mes nationaux comme la licence, le master ou le dipl\u00f4me vis\u00e9 qui sont d\u00e9livr\u00e9s au nom du minist\u00e8re. Ils ne...<\/div><p class=\"ccpages_more\"><a href=\"https:\/\/sninephro.fr\/index.php\/internat\/du\/\"  title=\"Plus ...\">Plus ...<\/a><\/p><\/div><div class=\"ccchildpage  ccfirst cceven ccpage-count-4 ccpage-id-40 ccpage-master-2 ccpage-has-parent ccpage-pid-50 ccpage-parent-internat\"><h3>Master 2 : comment financer son ann\u00e9e?<\/h3><div class=\"ccpages_excerpt\">Financement d\u2019une ann\u00e9e de Master 2 - Demande de Bourse. RESUME\u00a0: 5 \u00e9tapes clefs\u00a0: F\u00e9vrier\u00a0: Recherche les diff\u00e9rents organismes compatibles avec le projet de recherche choisi Mars\u00a0: Rassembler tous les documents demand\u00e9s dans le dossier de candidature et notamment \u00e9laboration du projet de recherche. Avril-mai\u00a0: Envoyer le dossier avant la deadline ++++ Mai-juin\u00a0: Envoi du...<\/div><p class=\"ccpages_more\"><a href=\"https:\/\/sninephro.fr\/index.php\/internat\/master-2\/\"  title=\"Plus ...\">Plus ...<\/a><\/p><\/div><div class=\"ccchildpage  ccodd ccpage-count-5 ccpage-id-603 ccpage-option-soins-intensifs-de-nephrologie ccpage-has-parent ccpage-pid-50 ccpage-parent-internat\"><h3>Option soins intensifs de n\u00e9phrologie<\/h3><div class=\"ccpages_excerpt\">S'adresse aux 3\u00e8me et 4\u00e8me ann\u00e9es de DES 12 +\/- 3 candidats par an r\u00e9partis sur les diff\u00e9rentes villes (modalit\u00e9s d'attribution \u00e0 ce jour non connues) Inscription : se rapprocher de votre coordinateur. Option ayant pour but d'assurer l'approfondissement des connaissances et des comp\u00e9tences dans la prise en charge des patients n\u00e9cessitant une surveillance et...<\/div><p class=\"ccpages_more\"><a href=\"https:\/\/sninephro.fr\/index.php\/internat\/option-soins-intensifs-de-nephrologie\/\"  title=\"Plus ...\">Plus ...<\/a><\/p><\/div><div class=\"ccchildpage  cclast cceven ccpage-count-6 ccpage-id-307 ccpage-responsabilite-civile-professionnelle ccpage-has-parent ccpage-pid-50 ccpage-parent-internat\"><h3>Responsabilit\u00e9 civile professionnelle<\/h3><div class=\"ccpages_excerpt\">Responsabilit\u00e9 Civile Professionnelle pour les internes : Mode d\u2019emploi &nbsp; Qu\u2019est ce que la RCP ? Le contrat d\u2019assurance de responsabilit\u00e9 professionnelle vise \u00e0 garantir un professionnel contre les risques repr\u00e9sent\u00e9s par l\u2019exercice de sa profession. &nbsp; La RCP est-elle obligatoire pour les internes en m\u00e9decine? \u00a0 Oui si vous effectuez des remplacements en lib\u00e9ral...<\/div><p class=\"ccpages_more\"><a href=\"https:\/\/sninephro.fr\/index.php\/internat\/responsabilite-civile-professionnelle\/\"  title=\"Plus ...\">Plus ...<\/a><\/p><\/div><\/div>\n","protected":false},"excerpt":{"rendered":"","protected":false},"author":1,"featured_media":0,"parent":0,"menu_order":0,"comment_status":"closed","ping_status":"closed","template":"","meta":[],"_links":{"self":[{"href":"https:\/\/sninephro.fr\/index.php\/wp-json\/wp\/v2\/pages\/50"}],"collection":[{"href":"https:\/\/sninephro.fr\/index.php\/wp-json\/wp\/v2\/pages"}],"about":[{"href":"https:\/\/sninephro.fr\/index.php\/wp-json\/wp\/v2\/types\/page"}],"author":[{"embeddable":true,"href":"https:\/\/sninephro.fr\/index.php\/wp-json\/wp\/v2\/users\/1"}],"replies":[{"embeddable":true,"href":"https:\/\/sninephro.fr\/index.php\/wp-json\/wp\/v2\/comments?post=50"}],"version-history":[{"count":5,"href":"https:\/\/sninephro.fr\/index.php\/wp-json\/wp\/v2\/pages\/50\/revisions"}],"predecessor-version":[{"id":87,"href":"https:\/\/sninephro.fr\/index.php\/wp-json\/wp\/v2\/pages\/50\/revisions\/87"}],"wp:attachment":[{"href":"https:\/\/sninephro.fr\/index.php\/wp-json\/wp\/v2\/media?parent=50"}],"curies":[{"name":"wp","href":"https:\/\/api.w.org\/{rel}","templated":true}]}}